m(s) = s - 6. Determine m(z).
1
Let q(u) = 0 - 72*u - 72*u + 150*u + 25. Calculate q(-6).
-11
Let r(o) = 6*o - 11. Let m(u) = -u + 69. Let d(a) = a - 33. Let t(i) = -13*d(i) - 6*m(i). Let l(z) = -6*r(z) - 5*t(z). What is l(-11)?
2
Suppose 5*c + 100 - 30 = 0. Let p = c + 19. Suppose 0 = -3*q - 16 - p. Let o(k) = k**2 + 7*k - 6. Give o(q).
-6
Let h(s) = s**2 - 3*s + 8. Let r(f) = -f**2 + 2*f - 4. Let y be r(4). Let z be (8/(-18))/(y/162). What is h(z)?
26
Suppose 5*v + 4*z = -119, 0 = -3*v + v - z - 50. Let a be (-168)/(-64) + v/(-72). Let r(n) = -3*n**2 + 3*n + 1. Give r(a).
-17
Let t(l) = -l**2 - 5*l - 3. Let v = -61 - -66. Suppose -4*j + 0*s = -v*s + 29, -j = -4*s + 21. Let u be (j - (-6)/4)*-10. What is t(u)?
-3
Let u = 4 - 2. Suppose 3*w - 119 = -u*o - 0*o, -2*w = -6. Let x(s) = -27*s**2 - 6 - 8*s - 29*s**2 + o*s**2. Give x(-6).
6
Suppose 125 = 8*k + 141. Suppose 0 = l + 3, -4*v + 6 - 4 = 2*l. Let s(g) = -g**2 + 2*g - 5 + 4*g**v - g**2 + 4. Determine s(k).
3
Suppose -14 = y + 5*v - 0, 0 = -5*y - 3*v + 18. Let i(j) = 6 + 13*j**3 - 27 - 29*j**3 + 6 + 6*j**2 + 11 + 15*j**3. Calculate i(y).
-4
Let f = -7176 - -7176. Let c(x) be the second derivative of -2/3*x**3 + 0*x**2 - 1/12*x**4 + f - 4*x. What is c(-6)?
-12
Let x(s) be the first derivative of s**3/6 - s**2 - 48*s - 43. Let r(v) be the first derivative of x(v). Give r(-7).
-9
Let p(w) = 4*w**3 + 11*w**2 - 12*w - 16. Let y(a) = -5*a**3 - 11*a**2 + 14*a + 16. Let x(u) = 7*p(u) + 6*y(u). Calculate x(5).
9
Let x(m) = 4173*m + 4175*m - 8347*m + 13*m**3. Suppose 4*r = -2*y - y - 1, 6 = 3*y - 3*r. What is x(y)?
14
Let i = 133 + 132. Let k = i + -264. Let t(h) = 15*h**3 + h**2 + h - 1. What is t(k)?
16
Let g(x) be the second derivative of -x**4/6 + 5*x**3/6 - 3*x**2 - 16*x - 11. Determine g(1).
-3
Suppose 0 = -66*x + 67*x + 1. Suppose -2*f - 14 = -5*s + s, 2*s + 2*f = -2. Let h(l) = -8*l**s + 80 - 80 - l. Calculate h(x).
-7
Let r(z) = z**3 - 4*z**2 - 4*z + 5. Let j = -2938 - -2942. Calculate r(j).
-11
Let s = 652 - 633. Let f(k) = 3*k + 34. Determine f(s).
91
Suppose 4*j = 5*j + 68. Let m = 27 - 95. Let q = j - m. Let s(i) = i - 11. What is s(q)?
-11
Let p(n) be the third derivative of n**6/120 + 13*n**5/60 - 3*n**4/4 + 11*n**3/3 + 418*n**2. Determine p(-14).
78
Let v(t) = 7*t**2 + 25*t + 695. Let w(m) = -m**2 - 4*m - 107. Let d(b) = 2*v(b) + 13*w(b). Let u be (4/14)/((-2)/(-14)). Determine d(u).
-1
Let p(z) = -9*z**2 - z - 3. Let t(f) = -f - 1. Let c(n) = -p(n) + 2*t(n). Suppose 2*i = 3*u + 11, 5*i - 28*u = -27*u + 8. Give c(i).
9
Let x = -437 - -436. Let z(a) = -9*a**3 + a**2 - 2*a - 4. Let k be z(x). Let l(w) = -2*w**2 + 18*w - 11. Determine l(k).
5
Let t(g) be the second derivative of -1/24*g**4 + 0*g**2 - 9/2*g**3 + 0 + 27*g - 1/6*g**5. Let o(u) be the second derivative of t(u). What is o(1)?
-21
Let w(k) = 6*k - 5. Let r be w(0). Let f be 1/2*r - 3/6. Let g(x) = -x**3 - 3*x**2 + x + 4. What is g(f)?
1
Let i(t) = -t**2 + 2*t - 34. Let l(n) = -9*n - 585. Let k be l(-65). Determine i(k).
-34
Let f(u) = 18*u**2 + u. Suppose -w - 16*w - 19*w = 0. Suppose t = -q - 0 - 2, -2*q - 4*t - 6 = w. Give f(q).
17
Suppose -5*h = -2*d + 23, 7*h - 2*h - d = -19. Let f(v) = v**2 + 3*v - 4. Let s be f(h). Let l(p) = -31*p**3 + 2 - p - 34*p**3 - 4*p**2 + 64*p**3. What is l(s)?
6
Suppose -4 = -5*q - 2*a, -4*q + 4*a + 36 = 16. Let t(i) = 18*i**2 - 1 - i**2 - 8*i**2 + 7 + 8*i - 10*i**q. Give t(5).
21
Suppose 0 = -2*j + 3*h - 27, 0*j + 2*j + 3*h - 3 = 0. Let i(x) be the second derivative of 1/6*x**3 - 1/20*x**5 + 0 - 5/2*x**2 - 1/2*x**4 + 20*x. What is i(j)?
-11
Let x(j) = 102 - 256 + 243 - 81*j**2 - 43*j + j**3 + j**3. What is x(41)?
7
Let c = 570 - 567. Let f(g) = c*g + 532 - 5*g - 534 - g + 2*g. Let d = -4 - 1. Calculate f(d).
3
Let h(u) = -29*u - 1. Let s(q) = -20*q. Let m(b) = -3*h(b) + 4*s(b). Determine m(-3).
-18
Let f(l) = 3*l - 2. Let k(t) = t**2 - 14*t + 17. Let y(d) = 2*f(d) + k(d). Give y(5).
-2
Let c(t) = t**3 + 6*t**2 + 8*t + 4. Let x be -5*(-5)/((-175)/28). Calculate c(x).
4
Let c(h) = -2*h**3 - h**2 - 2*h + 4. Let s = 38 - 36. Give c(s).
-20
Let z(y) be the first derivative of 4*y**3/3 - 5*y**2/2 - 2*y + 26. Let v(u) = -21*u**2 + 26*u + 9. Let r(j) = 2*v(j) + 11*z(j). Give r(3).
5
Let z(n) = n**2 + 1. Let w(j) = 2*j**2 + 3*j + 2. Let m(a) = w(a) - z(a). Let i = 6654 + -6657. What is m(i)?
1
Let d(f) = 5*f**3 + 9*f**2 - 5*f. Let j = 63 + -74. Let l(h) = 14*h**3 + 26*h**2 - 13*h + 1. Let n(s) = j*d(s) + 4*l(s). Give n(-4).
8
Suppose 0 = 23*c + z + 155, -5*z - 48 = 2*c - 64. Let s(p) = p**3 + 8*p**2 + 5*p - 15. Determine s(c).
-1
Let t(r) be the first derivative of 1/360*r**6 + 2/3*r**3 + 1/8*r**4 + 0*r**2 + 9 + 1/30*r**5 + 0*r. Let v(d) be the third derivative of t(d). Calculate v(-2).
-1
Let c = -1 - 5. Let x(v) = v - 6. Let k = -48 + 26. Let s(i) = 6*i - 32. Let q(o) = k*x(o) + 4*s(o). Determine q(c).
-8
Let u be (4/(-14))/((4/7)/(-4)). Suppose u = -74*t + 76*t. Let p(s) = -3*s**2 + 8*s + t - 7*s + 4*s**2. Give p(2).
7
Suppose 2*l - 5*f = 17, -1 = f + 2. Let r(j) = -18*j + 1. Let p(s) = 7*s. Let w(u) = 2*p(u) + r(u). What is w(l)?
-3
Suppose 0 = 3*x - 2*x - h - 7, -2*h + 16 = x. Let n(r) = -3*r - 15. Let f(c) = 5*c + 20. Let d(g) = -2*f(g) - 3*n(g). What is d(x)?
-5
Let w = 36 - 34. Suppose -2*n + 131 = w*n + l, 137 = 4*n + 3*l. Let h = -30 + n. Let q(a) = -2*a**3 + 3*a**2 - 2*a. Give q(h).
-8
Let g = -229 - -235. Let b(k) = -5 + 6*k**2 + 234*k - 460*k - k**3 + 229*k. What is b(g)?
13
Let t(q) = -q + 1. Let n(l) be the third derivative of -l**5/60 - 2*l**4/3 - l**3/3 + 73*l**2. Let r(i) = n(i) - 4*t(i). Determine r(-8).
26
Let c(l) = l**3 + 6*l**2 + 6*l + 5. Let b = 7886 + -7891. What is c(b)?
0
Let s(m) be the second derivative of -m**5/20 - 5*m**4/12 + 7*m**3/6 + 7*m**2/2 - 3*m - 363. Let v be -10 + (-8)/(24/(-15)). Determine s(v).
-28
Let r be (-11 - -2) + (-15 + 14 - -3). Let h(x) = -x**2 - 8*x - 20. Determine h(r).
-13
Let c(r) = -46*r - 13*r - r**3 + 53*r + 2*r**2 - r**2. Give c(0).
0
Suppose 87 = 20*h - 53. Let n(j) = 19*j**2 + 30*j**2 - 56*j**2 - h*j - j**3 + 8. Give n(-6).
14
Let c(t) = 2*t**3 + 23*t**2 + 9*t - 13. Suppose 3*r + 6*r = -3*r - 132. Calculate c(r).
9
Let c(o) = -9*o**2 + 13*o + 25. Let q(g) = -5*g**2 + 7*g + 13. Let s(n) = 4*c(n) - 7*q(n). Suppose -5*r + 8*r - 9 = 3*b, -4*r + 20 = -2*b. What is s(r)?
-19
Suppose -10*g - g = -14553. Let f(m) = 2645 - 9*m + m**2 - g - 1313. Calculate f(6).
-9
Let o(n) be the second derivative of n**5/20 - 13*n**4/12 - 11*n**2 + 1778*n. Give o(13).
-22
Let g(n) = 2556*n - 5112. Let m be g(2). Let w(t) be the first derivative of t + 2. Let f(c) = -c + 3. Let a(j) = f(j) - 6*w(j). Calculate a(m).
-3
Suppose x - 2*l - 17 = 0, -5*x - 3*l + 8*l + 65 = 0. Let o(g) = -x + 0 - 8*g + 7*g. Let y = -287 + 277. What is o(y)?
1
Let f be (-276)/60 - (-2)/(-5). Let k(s) = s**3 + 7*s**2 + 15*s + 15. Determine k(f).
-10
Let r(s) = 3*s**2 - 4*s. Suppose 2*f + 27 = 3*c, 2*c = -2*f - 2*f - 62. Let a = f + 17. Suppose -a*t = 10 - 16. Determine r(t).
15
Let z(f) = -2*f - 5. Suppose -6 = 8*i - 126. Suppose 2*v - 9 = -5*a, -v + 4*a = i + 13. What is z(v)?
11
Let d(q) be the second derivative of -87*q - 3/2*q**2 + 1/12*q**4 + 2 + 2/3*q**3 + 1/20*q**5. What is d(1)?
3
Let r(d) be the third derivative of -1/12*d**4 + 0*d + 1/3*d**3 - 3*d**2 + 1/30*d**5 + 0. Let j(y) be the first derivative of r(y). Calculate j(3).
10
Let f(v) be the first derivative of -v**3/3 + v**2/2 + 7*v + 32. Let o(x) = x**2 - 2*x - 6. Let c(j) = 3*f(j) + 4*o(j). Suppose -20 = -5*h - 0. Determine c(h).
-7
Let m(c) be the second derivative of c**3/6 - 7*c**2/2 + c. Let h(d) = -6*d + 41. Let p be h(8). Determine m(p).
-14
Let f(d) = d**3 + 5*d**2 + 4*d + 4. Let s be (0 + -1)/((-3)/54). Suppose 5*v + 52 = -4*b, -3*b + s + 13 = -5*v. Let r be ((-2)/4)/((-1)/v). What is f(r)?
4
Suppose 0 = -2*v + 18 - 14. Let r = -24 - -26. Let o(u) = 9 + 369*u - 364*u - v + u**r. Calculate o(-5).
7
Let i(g) = -g**3 - 3*g**2 + 6*g + 6. Let j = -304 + 284. Let b be (-24)/j*(-30)/9. Calculate i(b).
-2
Let z(k) = 18*k + 39. Let j(t) = t - 21. Let y(p) = -4*j(p) - z(p). Give y(6).
-87
Suppose 3*m = -4*n - 12, 2*m = -4*n - 35 + 19. Let x(r) = r**3 + 5*r**2 - 4*r + 8. Give x(n).
-4
Let w(n) = 132*n**3 - 14*n - 4*n**2 + 14*n**